t y(m) = 2*m + 12. Suppose 11 - 19 = o. What is y(o)?
-4
Suppose 0 = -4*j - j + 25. Let u(c) = 2*c - 7. Let r be u(j). Let o(b) = 5*b**2 - 5. Let x(t) = -9*t**2 + 9. Let m(k) = -11*o(k) - 6*x(k). Determine m(r).
-8
Let v(p) = p**2 + 3*p - 11. Let d be v(-6). Let f = -10 + d. Let c(n) = -n**3 - 3*n**2 + 2*n + 2. Determine c(f).
-4
Suppose 5*p + 8 = -7. Let z be 2 - 3/(9/p). Let q(j) = 2*j + 2. Determine q(z).
8
Let g be (-32)/4*(-6)/8. Let p be 15/9 + (-4)/g. Let j(x) = 0 + 2 - 5 + 4 - 4*x. Give j(p).
-3
Let x(r) be the second derivative of r**5/20 + r**4/12 - 2*r**2 - 38*r. Determine x(0).
-4
Suppose 0 = -6*d + d + 10. Suppose -z + 0*z = 2, -d*w + 2*z + 8 = 0. Let y(g) = -w*g + 0 + 3*g - g**2 - 2. Give y(2).
-4
Let h be (-6)/(-9) + (-20)/(-6). Suppose h*z - 2 = 2*z. Let a(v) = -2*v + 4 - 2*v + 3*v + z. Determine a(5).
0
Let u(k) = -k**2 + 4*k + 1. Suppose 0*x = x - 3, 24 = 2*a + 4*x. Let m(r) = -a*r + r + r. Let y be m(-1). Give u(y).
1
Let c(v) = -16*v**3 - 2*v**2 + 1. Let o be c(-1). Suppose 0*g = 5*g - o. Suppose 0*l = -g*l + 15. Let z(n) = -n**3 + 5*n**2 + 2*n - 6. Give z(l).
4
Let g(l) = l**2 - 4*l - 4. Let a = 72 + -66. Calculate g(a).
8
Let t(u) = u**2 - 4*u + 4. Let h(r) = -r**2 + r + 3. Let v be h(6). Let d be 36/v + 13/3. What is t(d)?
1
Let r(y) = y**3 - y**2 + y - 1. Let t be 6*(14/(-6) + 3). Let u(o) = -2*o - 5. Let w be u(-5). Suppose -w*n + 6 = -t. Determine r(n).
5
Let t(c) be the first derivative of c**3/3 - c**2/2 + c + 13. Calculate t(2).
3
Let v(u) be the first derivative of u**2/2 + 2*u + 10. What is v(6)?
8
Let o(a) be the second derivative of -a**8/6720 - a**7/420 - a**6/180 + a**5/24 - a**4/3 - 7*a. Let h(m) be the third derivative of o(m). Calculate h(-4).
-11
Let b(m) = m**2 + m - 1. Let a(g) = -1 + 5 - g**3 + 5 - 1 - 7*g - 8*g**2. Let f(y) = -a(y) - 6*b(y). Determine f(-2).
-4
Let h(p) = -p**2 + 4*p + 4. Let x = -9 - 2. Let m = x - -23. Suppose -3*b + m = b. Determine h(b).
7
Let d(z) = -z + 1. Let n(i) = -5*i + 4. Let v(q) = -6*d(q) + n(q). Determine v(4).
2
Let y be (4/7)/((-6)/(-21)). Suppose -1 = y*b - 5. Let g = -2 + b. Let k(n) = n**3 - n**2 - n - 3. Determine k(g).
-3
Let q(z) = 4*z**2 + 2*z - 1. Let g(o) = -21*o**2 - 11*o + 5. Let a = -7 - -9. Let w(d) = a*g(d) + 11*q(d). Determine w(-1).
1
Suppose -3*c + 9*c = 0. Let h(k) = -k**3 - k**2 - k + 2. What is h(c)?
2
Let c = 9 + -6. Let x = 3 - c. Let m(p) = 0*p - 6 + p + 1. Calculate m(x).
-5
Let c = 7 - 10. Let s(r) be the third derivative of r**6/360 + r**5/20 + r**4/24 - r**3/6 + r**2. Let u(t) be the first derivative of s(t). What is u(c)?
-8
Let w(c) = 3*c**3 - 11*c**2 + 8*c**2 - 2*c**3 - c + 4*c**2. What is w(-2)?
-2
Suppose t - 4 = 3*t. Let k(n) be the first derivative of 4*n**3/3 + n**2 - 2*n - 116. Calculate k(t).
10
Let t(n) = n - 1. Suppose 0 = 3*a - 2*a + 3. Give t(a).
-4
Let b(l) = 4*l**2 + l - 2. Let z(m) = 21*m**2 + 6*m - 11. Suppose 2*h + a = -3 - 6, -4*a - 22 = h. Let p(u) = h*z(u) + 11*b(u). Determine p(1).
1
Let f = -1 - -2. Let x(g) = g**2 - 3*g - g + 2*g + f - 7*g**3. Suppose 3*t + 1 = 4*t. What is x(t)?
-7
Let p be -3*2*2/(-4). Suppose 7*f = 3*f + 3*z - p, 0 = -f - 5*z + 28. Let q(g) = 2*g - 3 + f*g - 4*g. What is q(2)?
-1
Let j(l) = -4*l + 4*l + 4*l - 2*l + l**2 + 2. Let s be j(-3). Let y(f) = -f**3 + 6*f**2 - 3*f + 1. Calculate y(s).
11
Let i(d) be the second derivative of 2*d**3/3 + 7*d**2/2 - 24*d. Calculate i(-5).
-13
Let d(f) = -7*f**3 + 9*f**2 + f + 1. Let s(h) = -4*h**3 + 5*h**2. Let c(n) = -3*d(n) + 5*s(n). Give c(3).
-3
Let n(d) be the third derivative of d**5/60 - d**4/4 - d**3 - d**2. Suppose 78*f = 62*f + 96. What is n(f)?
-6
Let y(n) be the third derivative of -n**4/6 - n**3/6 + 6*n**2. Give y(2).
-9
Let k(d) = -d**2 + 3*d - 6. Suppose 7 = -5*h + 32. Determine k(h).
-16
Suppose -t - 2 = 4. Let i(w) = w**2 + 5*w - 3. Calculate i(t).
3
Let h(q) be the second derivative of q + 1/60*q**5 - 1/12*q**4 + 0 + 0*q**3 + 0*q**2 - 1/720*q**6. Let y(r) be the third derivative of h(r). Calculate y(-2).
4
Let u(f) = 15*f**3 - 2*f**2 + 1. Suppose r + r - 22 = 5*h, 5 = -3*r - 2*h. Calculate u(r).
14
Let q(j) = -6*j**3 - j**2 - 1. Let o(s) = -s**3 - 1. Let r(x) = o(x) - q(x). Let k(u) = -u - 3. Let w be k(-4). Calculate r(w).
6
Suppose -4*h - 1 = -17. Suppose 3*p - 10 + h = 0. Let a(y) = y**p - 3*y + 3*y - 3 - 5*y + 0*y. Determine a(4).
-7
Let i(v) = -v**2 + v + 5. Let l = 53 - 35. Suppose 3*w - l = 4*q - 3, 3*q - 3*w = -12. Let s be q*2*(-6)/9. Determine i(s).
-7
Let x(c) = -10*c**2 + c. Let o be x(1). Let m = o + 13. Let q(t) = -t**2 + 3*t - 1. Calculate q(m).
-5
Let b(i) = i**3 + 5*i**2 + 3*i - 2. Let h be b(-4). Let u(l) be the first derivative of -3*l**h - 5*l - 1/3*l**3 - 2. Determine u(-4).
3
Let b = -8 - -9. Let j(p) = -p - 3 + b + 0 + 0*p. Give j(-2).
0
Suppose 3*q + 3 = -l, -q - q - 2*l = 2. Let o(v) = -22*v**2 - 2*v - 3. Let s(f) = -24*f**2 - 3*f - 4. Let r(m) = 5*o(m) - 4*s(m). Give r(q).
-15
Let g(q) = q**2. Let p be g(0). Let n(o) = -o**3 - 2. Determine n(p).
-2
Let c(k) be the first derivative of k**5/60 + k**4/12 - k**3/3 - k**2/2 - 5. Let x(j) be the second derivative of c(j). Let b be (-17)/5 + 2/5. What is x(b)?
1
Let j(i) = -i**3 + 1 - i + 3*i + 4*i**2 - 7. Let x = -7 - -13. Let y be x/((45/(-6))/(-5)). Give j(y).
2
Let s(b) = 6*b**3 - 14*b**2 + 6*b - 5. Let f(w) = -w**3 + 3*w**2 - w + 1. Let i(d) = 11*f(d) + 2*s(d). What is i(-5)?
-4
Let l = 9 - 3. Suppose -l*z + z = 25. Let f(j) = j**3 + 5*j**2 + j + 1. What is f(z)?
-4
Let y(x) = x - 2*x - 43 + 37. Let q = 3 + -3. Determine y(q).
-6
Let g(c) = c**2 + 6*c + 5. Let r be (-6)/((-6)/(-3)) - 2. Let m be g(r). Let f(t) = 4*t**2 - 2 + m + 0*t**2 + 1. Determine f(-1).
3
Let r(p) be the second derivative of 0 - 1/6*p**3 - p - 5/2*p**2. What is r(-4)?
-1
Let j(m) = 4*m**2 + 2*m**3 - 6 - 3*m**3 + 2*m**3 - 3*m. Suppose 4*p = 14 - 6. Let v = -2 - p. Give j(v).
6
Suppose 7*g - 8*g + 6 = 0. Let r(a) = -a**2 + 8*a + 2. Calculate r(g).
14
Let s(y) be the third derivative of -y**6/120 + 2*y**5/15 - y**4/3 + 3*y**3/2 - 14*y**2. Give s(7).
2
Let i(a) = a**3 - 4*a**2 + a - 3. Suppose -k - 30 = -4*r, -r + 3*k + k = 0. Let l = 12 - r. Give i(l).
1
Suppose 7 = -3*o + 4*l, 2*o - o - 11 = -2*l. Suppose -3*r = -r - 8. Suppose o*d = -9, -3*n - 2*n - 13 = -r*d. Let t(u) = -u**3 - 5*u**2 + u + 1. Determine t(n).
-4
Let g be (-1)/(-2) + (-3)/(-2). Let m(v) = 4*v - 2*v - 3 - g*v - 2*v**2 + 5*v. What is m(3)?
-6
Let m(w) = -4*w + 145 - 145. What is m(2)?
-8
Let s(u) = -u**3 + 7*u**2 - 6*u - 1. Let x = 39 - 21. Let g be 1*(x/3 - 0). Determine s(g).
-1
Let j(s) = -2*s + 6. Let c be j(3). Let x(a) = -a**3 - a**2 + 12. Calculate x(c).
12
Let a(n) = -7 - 4*n + 3 - 3*n**2 + 10*n**2 - n**3 - 2. Suppose -o - 5 + 11 = 0. Give a(o).
6
Let i = -11 + 7. Let x(s) = -4*s - 5. Determine x(i).
11
Let u(w) be the first derivative of -1/6*w**3 + w - 2 + 0*w**2. Let k(c) be the first derivative of u(c). Determine k(4).
-4
Let t(h) = -h**3 - 13*h**2. Let i(b) = b**3 + 12*b**2 + b. Let f(o) = -6*i(o) - 5*t(o). Determine f(-6).
0
Suppose 88 = 5*x - 4*b, -x + b = -3*x + 43. Suppose 0 = -3*o - o - x. Let y(g) = -6*g + 5 - g + 3*g - g**2. Calculate y(o).
0
Let m(n) be the first derivative of -n**5/40 + n**4/24 - n**3 - 1. Let o(s) be the third derivative of m(s). Calculate o(3).
-8
Let a(u) = -3*u**2 + 7*u + 8. Let l(c) = 4*c**2 - 8*c - 9. Let z(v) = 5*a(v) + 4*l(v). Determine z(-3).
4
Let h(p) = -6*p**2 + 3*p - 3. Let f(w) = 7*w**2 - 4*w + 4. Let i(r) = -4*f(r) - 5*h(r). Calculate i(3).
20
Let c(i) be the third derivative of i**4/24 - 5*i**3/6 - 4*i**2 + 9. What is c(8)?
3
Let t be 108/45 + 8/5 + -1. Let z(w) = -2*w**2 + 2. Determine z(t).
-16
Let l(d) = 4*d**2 + d + 1. Let s = -15 - -14. Calculate l(s).
4
Let w be -3 - (-5)/(10/(-6)). Let p be 30/3*(-1)/(-2). Let d(m) = -6*m**3 - 2*m + m**2 - 7*m**2 - 6 + p*m**3. Give d(w).
6
Let f(d) be the second derivative of -d**4/12 + d**3/2 - d**2 - 3*d. Let q(n) = 2*n**2 - 2*n + 3. Let g(v) = 3*f(v) + 2*q(v). Calculate g(-4).
-4
Suppose -7*i + 4*i = -12. Let t(a) be the first derivative of -a**3/3 + 5*a**2/2 - 3*a + 1. Determine t(i).
1
Let l(i) = 0 + 3 + 0 - 4*i**2 - 2. Suppose 5 = -4*v + 1. Give l(v).
-3
Let q(c) = c**3 - 6*c**2 + 6*c - 2. Let r = 15 + -10. Give q(r).
3
Let p be (